a - 48. Give d(-10).
-938
Let v(j) = j**3 - j**2 + 188*j + 855. Calculate v(-5).
-235
Let g(l) = 1045*l + 584300. Calculate g(-559).
145
Let d(b) = 10299*b + 288499. Calculate d(-28).
127
Let r(t) = -t**2 - 147*t - 2360. Give r(-19).
72
Let f(k) = 56199*k + 618187. What is f(-11)?
-2
Let b(a) = -a**3 - 16*a**2 - 1051*a - 15547. Determine b(-15).
-7
Let o(j) = -44*j**2 + 556*j + 19. Give o(13).
-189
Let q(u) = 24*u**3 + 201*u**2 + 21*u + 15. Calculate q(-8).
423
Let w(y) = 642*y**2 - 49*y + 1. Calculate w(1).
594
Let k(t) = -8*t**2 - 40682*t + 571109. Give k(14).
-7
Let g(r) = 31*r**2 - 294*r - 12643. Calculate g(-16).
-3
Let w(j) = 3*j**3 + 27*j**2 - 131*j - 1107. Give w(-8).
133
Let h(w) = -20*w**2 - 1207*w - 8329. Give h(-7).
-860
Let q(r) = -373*r - 39148. What is q(-105)?
17
Let v(k) = 4*k**3 + 78*k**2 + 47*k + 189. Give v(-19).
18
Let d(c) = 6334*c + 570049. Determine d(-90).
-11
Let x(q) = q**3 + 152*q**2 + 163*q + 2188. What is x(-151)?
376
Let w(y) = -3789*y + 22738. Give w(6).
4
Let j(x) = -10339*x - 1002912. What is j(-97)?
-29
Let y(m) = 2*m**3 - 45*m**2 - 258*m + 6583. Calculate y(21).
-158
Let m(z) = -7*z**2 + 18*z - 158. Calculate m(0).
-158
Let x(h) = -h**3 + 43*h**2 - 307*h - 796. What is x(33)?
-37
Let w(d) = 899*d - 99176. Give w(111).
613
Let r(f) = 4*f**2 - 83*f - 475. Determine r(-7).
302
Let m(f) = -598*f - 2183. Calculate m(-3).
-389
Let d(p) = p**3 + 22*p**2 + 75*p + 710. Determine d(-18).
656
Let b(a) = -15*a**3 + 16*a**2 - 28*a - 1. Give b(5).
-1616
Let v(h) = -2*h**2 - 578*h + 4032. Give v(7).
-112
Let v(u) = -6261*u - 507146. Calculate v(-81).
-5
Let g(b) = 126*b**2 + 1309*b + 2993. What is g(-7)?
4
Let d(r) = -13*r**2 - 9455*r - 37613. Give d(-4).
-1
Let k(u) = 298*u - 52060. Determine k(175).
90
Let w(b) = 12*b**2 + 124*b + 89. What is w(-10)?
49
Let f(v) = -5*v**2 - 613*v - 4556. Calculate f(-8).
28
Let f(t) = 22*t**2 + 82*t + 17. Calculate f(-1).
-43
Let n(f) = -67*f**3 + 25*f**2 - 111*f - 135. What is n(-1)?
68
Let b(l) = -203*l**2 + 1094*l - 91. Determine b(6).
-835
Let u(t) = -t**3 - 8*t**2 + 903*t + 13234. Calculate u(-21).
4
Let n(h) = -9316*h**2 + 83843*h - 9. What is n(9)?
-18
Let o(c) = 5000*c + 38992. Give o(-8).
-1008
Let u(y) = -78691*y - 33128913. Give u(-421).
-2
Let b(z) = z**3 + 477*z**2 + 4209*z - 29. What is b(-9)?
-2
Let b(v) = -2115*v - 12789. Determine b(-6).
-99
Let u(c) = -2577*c - 987229. Give u(-383).
-238
Let y(x) = -x**2 + 560*x + 10993. What is y(-19)?
-8
Let a(l) = 3154*l + 104089. Determine a(-33).
7
Let o(g) = -190*g + 547. What is o(3)?
-23
Let z(m) = 14*m**3 + 268*m**2 + 21*m + 239. What is z(-19)?
562
Let y(p) = -107*p**2 - 935*p + 251. Calculate y(-9).
-1
Let s(r) = 78492*r - 1020445. Give s(13).
-49
Let z(a) = -a**3 + 204*a**2 - 9505*a - 133. Determine z(133).
-8379
Let x(s) = s**3 - 103*s**2 - 1115*s + 163. Determine x(-10).
13
Let r(q) = -149*q**3 + 79*q**2 - 169*q + 5. What is r(2)?
-1209
Let v(m) = -48*m**2 + 6756*m + 1693. Determine v(141).
1
Let f(s) = -29*s**3 - 319*s**2 + 23*s + 173. Determine f(-11).
-80
Let h(t) = 10184*t + 30578. Determine h(-3).
26
Let w(d) = 4*d**2 - 71*d + 66. Calculate w(13).
-181
Let c(n) = -5*n**3 - 2096*n**2 + 41186*n + 6125. What is c(-438)?
-7
Let h(d) = -d**3 + 6426*d**2 + 852284*d + 523. Determine h(-130).
3
Let f(i) = i**3 - 726*i**2 + 4447*i - 758. Give f(6).
4
Let y(h) = 34434*h + 23036338. Determine y(-669).
-8
Let w(j) = -j**2 + 349*j - 28984. Give w(135).
-94
Let l(a) = 62*a + 29006. Give l(-470).
-134
Let j(t) = -2*t**3 - 367*t**2 + 14033*t - 1285. Determine j(-216).
227
Let f(n) = -2*n**2 + 153*n - 3231. Give f(36).
-315
Let f(a) = a**3 - 117*a**2 + 1259*a + 1. Determine f(12).
-11
Let h(q) = 137*q - 4755. Give h(40).
725
Let l(m) = -42970*m - 386721. Calculate l(-9).
9
Let s(t) = -24*t**3 + 24525*t**2 + 3070*t - 4082. What is s(1022)?
6
Let h(n) = n**2 + 8794*n + 17578. What is h(-2)?
-6
Let j(v) = -82*v - 3852. What is j(-47)?
2
Let x(d) = d**3 - 46*d**2 + 946*d - 8518. Calculate x(20).
2
Let w(d) = -d**3 - 49*d**2 + 768*d + 2169. Give w(-61).
-27
Let p(x) = 321*x - 17085. Calculate p(53).
-72
Let q(v) = 2536*v**2 + 178*v - 178. What is q(1)?
2536
Let c(n) = n**3 - 405*n**2 + 21253*n + 4460. Determine c(343).
1
Let r(c) = -3415*c + 8090. What is r(3)?
-2155
Let x(n) = 28*n**3 - 863*n**2 - 8925*n - 231. What is x(39)?
3
Let m(c) = -8883*c - 44948. Determine m(-5).
-533
Let f(y) = -y**3 + 14*y**2 + 2164*y - 285. Calculate f(54).
-69
Let v(m) = -1632*m**2 - 172978*m + 1478. Give v(-106).
-6
Let r(j) = -3*j**3 + 31*j**2 - 329*j + 3213. Give r(10).
23
Let d(s) = s**3 + 55*s**2 + 94*s + 283. What is d(-54)?
-1877
Let m(u) = -8*u**2 - 791*u - 6409. Give m(-8).
-593
Let x(c) = -38498*c + 1924896. Determine x(50).
-4
Let n(p) = -63*p**2 - 677*p - 971. Calculate n(-9).
19
Let d(h) = 4717*h + 33091. Determine d(-7).
72
Let y(i) = -4*i**2 - 220*i - 1428. Give y(-7).
-84
Let v(c) = -25370*c - 228340. Give v(-9).
-10
Let i(l) = 212754*l - 638294. Calculate i(3).
-32
Let y(q) = -51*q**2 - 1188*q + 2575. Calculate y(2).
-5
Let z(y) = y**2 + 2928*y + 81252. Calculate z(-28).
52
Let p(f) = -943*f - 1034. What is p(-2)?
852
Let f(y) = -493*y - 58651. Give f(-120).
509
Let c(m) = -151*m - 4758. Give c(-30).
-228
Let p(v) = -175*v - 8607. What is p(-52)?
493
Let v(b) = -467*b**2 + 11673*b + 55. Calculate v(25).
5
Let t(g) = -259228*g + 2851483. Determine t(11).
-25
Let z(v) = -31238*v - 747. Calculate z(0).
-747
Let g(a) = 5685*a - 125190. Calculate g(22).
-120
Let k(r) = 4*r**3 + 100*r**2 - 11*r - 172. Give k(-25).
103
Let c(d) = d**3 + 8*d**2 - 1447*d - 21751. Determine c(-32).
-23
Let q(g) = 10846*g + 726652. Determine q(-67).
-30
Let o(q) = 55*q**3 - 6*q**2 + 178*q + 369. Give o(-2).
-451
Let f(x) = -x**3 - 3*x**2 - 17*x + 98. Determine f(-14).
2492
Let i(v) = -2226*v - 304195. Calculate i(-137).
767
Let p(z) = -275105*z + 6877627. Calculate p(25).
2
Let w(v) = 20*v**3 + 132*v**2 - 62*v - 55. Determine w(-7).
-13
Let z(l) = -27*l**3 + 1087*l + 4338. Give z(-4).
1718
Let m(w) = -2*w**3 + 479*w**2 + 707*w + 3858. Calculate m(241).
2
Let x(v) = -v**3 - 94*v**2 + 10*v + 9579. Calculate x(-93).
0
Let m(s) = 48813*s + 97601. Give m(-2).
-25
Let b(v) = -4*v**2 + 137*v + 7331. Determine b(-29).
-6
Let b(r) = 1567*r**3 + 52*r - 53. Give b(1).
1566
Let d(h) = -1549*h + 2355. Give d(1).
806
Let w(u) = -u**3 + 14*u**2 - 162*u + 2274. Calculate w(14).
6
Let w(x) = 5*x**2 + 249*x + 273. Calculate w(-33).
-2499
Let u(n) = -n**3 + 6*n**2 + 1941*n - 205. What is u(47)?
453
Let m(k) = k**3 - 119*k**2 - 243*k + 134. Calculate m(121).
13
Let t(z) = -1526*z - 32457. Calculate t(-21).
-411
Let h(n) = -2*n**3 - 5*n**2 + 24*n + 273. Give h(-6).
381
Let x(m) = 738*m - 39065. Calculate x(53).
49
Let n(s) = -6*s**2 + 203*s + 2100. Give n(-9).
-213
Let n(d) = -6*d**2 - 285*d - 671. What is n(-45)?
4
Let n(m) = 2*m**3 + 790*m**2 - 4027*m - 10772. Calculate n(-400).
28
Let z(h) = 2*h**3 - 72*h**2 + 545*h + 351. Give z(12).
-21
Let p(z) = 2*z**2 + 170*z + 2416. Calculate p(-68).
104
Let r(d) = 63*d**3 + 2*d**2 + 43*d + 87. Give r(-2).
-495
Let y(h) = -6840*h + 212005. Give y(31).
-35
Let p(q) = -q**2 + 4706*q - 4708504. Give p(1443).
5
Let z(c) = -13*c**2 + 821*c - 1013. What is z(62)?
-83
Let w(z) = 23*z**3 + 5053*z**2 - 1542*z - 444. Determine w(-220).
-4
Let l(p) = 6*p**2 + 203*p + 1703. Determine l(-16).
-9
Let g(c) = -1046*c - 3798. Calculate g(-6).
2478
Let m(j) = 394286*j + 3154303. Determine m(-8).
15
Let z(d) = d**3 + 20*d**2 - 122*d + 165. Give z(-25).
90
Let n(u) = -u**2 - 373*u + 10097. Give n(25).
147
Let y(q) = -40*q**2 - 768*q - 209. What is y(-19)?
-57
Let y(z) = -3295197*z + 6590375. Calculate y(2).
-19
Let p(h) = -35472*h - 29228920. What is p(-824)?
8
Let k(c) = 8408*c + 50241. Calculate k(-6).
-207
Let w(o) = -44*o + 2257. What is w(59)?
-339
Let n(p) = 3*p**2 + 7397*p + 197551. What is n(-27)?
19
Let z(f) = -51*f**2 + 10508*f - 10959. Calculate z(205).
-94
Let h(z) = -8620*z + 1137867. Determine h(132).
27
Let j(p) = -p**2 - 102*p + 1387. Determine j(16).
-501
Let f(c) = -2*c**2 - 13774*c + 304007. Give f(22).
11
Let u(a) = 1503*a - 41799. What is u(28)?
285
Let v(n) = 2*n**3 - 57*n**2 - 298*n. Calculate v(-4).
152
Let j(c) = 700*c**2 + 3573*c + 541. 